7
Let g(v) = v**3 - 8*v**2 - v + 11. Let j be (-68)/(-8) + (-2)/4. Let n be g(j). Suppose -n*m - 16 + 4 = 0. Let i(h) = h**3 + 4*h**2 + 2*h + 6. What is i(m)?
-2
Let x(n) = n**3 - 5*n**2 - 2*n - 4. Let i be (-5*2/6)/((-3)/9). What is x(i)?
-14
Let o(j) be the second derivative of -j**3/6 + 6*j. Give o(-4).
4
Let g(m) = 6 + m**2 - 12 + 0*m - 4*m. Determine g(5).
-1
Let g(n) = -n**2 - n + 1. Let i(d) = -d**3 + 5*d**2 - d + 7. Let v be i(5). Determine g(v).
-5
Let d(h) = -h + 7*h - 4*h - 4. What is d(6)?
8
Let x(a) = a + 1. Let i be x(-5). Let r(s) = -3*s - 21 - s**3 - 3*s**2 - 2*s**2 + 19. Determine r(i).
-6
Let p(s) = -s**2 + 3*s + 3. Let z = -20 - -23. What is p(z)?
3
Suppose -o + 2*c = 6, 4*o - 3 + 7 = 4*c. Let m(u) = -u**2 + 5*u - 1. Calculate m(o).
3
Let j(c) = c**2 + 6*c + 5. Let o(a) = a**3 - 2*a**2 - 9*a - 2. Let r be o(4). Calculate j(r).
5
Let y be 0*5/10 - (11 - 2). Let g(m) = m**3 + 10*m**2 + 9*m + 4. Calculate g(y).
4
Let v(p) be the first derivative of -p**4/4 - p**3 + 5*p**2/2 + 2*p - 8. Determine v(-4).
-2
Let s = -5 - -8. Suppose s*g - 80 = 4*j, -j - 2*j = 15. Suppose z = y + 2*y + 10, -g = 4*z. Let n(c) = c + 1. What is n(y)?
-4
Let q(g) = -3*g**2 - 4*g - 1. Let i(a) = 4*a**2 + 4*a. Let f(p) = 2*i(p) + 3*q(p). Determine f(-5).
-8
Let x be 32/20*(-5)/2. Let s(z) = z - 1. Calculate s(x).
-5
Suppose 2*k = 3*k + 5. Let t be (6/10)/((-1)/k). Suppose p = t*p. Let z(s) = s**2 + s - 1. What is z(p)?
-1
Let r(p) = -p + 1. Let n(k) = -3*k + 10. Let o(l) = -n(l) + 4*r(l). Let f(q) = q - 8. Let s be f(8). Calculate o(s).
-6
Let u = -2 + 4. Let x(y) = y. Let l(f) = 2*f + 1. Let h(q) = -l(q) + 3*x(q). Calculate h(u).
1
Let j(l) = l**2 + 94 - 8*l - 3*l - 85. What is j(8)?
-15
Suppose 5*q + 1 = -3*r, 3*r - 1 = -4*q + 3. Suppose 4*n = r*n. Let a(i) = -i + 1. Give a(n).
1
Let x(y) = y**2 + 5*y + 3. Let g(c) = 2*c**2 + 10*c + 5. Let b(d) = 3*g(d) - 7*x(d). Let o(j) = j + 9. Let m be o(-15). What is b(m)?
-12
Suppose -3*l = -2*o + 8, -3*l - 12 = -4*o + o. Suppose l + 5 = -5*g. Let z(u) = -2*u**2 - 1. What is z(g)?
-3
Let u be (4/(-10))/((-1)/5). Suppose -27 = -3*g + g - h, 5*g - 70 = -3*h. Let v(o) = -2*o + 14. Let n(t) = -t + 5. Let a(r) = g*n(r) - 4*v(r). What is a(u)?
-7
Let q(r) = -r**2 + 1. Let s(f) = f**3 + 9*f**2 - 8*f + 10. Let p(c) = -q(c) - s(c). Determine p(-9).
-2
Let x = -3 - 2. Let k(b) = -b**2 - 4*b - 1. Let n(t) = t**2 + 7*t + 3. Let c(j) = x*k(j) - 3*n(j). What is c(3)?
11
Let z(k) = 195*k**3 - 1 - 394*k**3 + k + 200*k**3. Let h be 1 + -3 + 4 - 2. What is z(h)?
-1
Let q(t) = -3*t - 27. Let n be q(-11). Let d(m) = -m + 4. What is d(n)?
-2
Suppose 4*c - 3*c = 0. Let s(d) be the third derivative of -d**4/24 + d**3/6 + 2*d**2. Give s(c).
1
Let c(a) = 4*a**2 + 1. Let z be c(-1). Let h(s) = -s**2 + 5*s - 7. What is h(z)?
-7
Suppose 2*b = -0 - 8. Suppose r - 2 = 1. Let o(n) = 2*n - 1 + r*n - 3*n. Give o(b).
-9
Let a(i) be the second derivative of -i**5/20 + i**4/2 + i**3/3 - 2*i**2 + 6*i - 1. Let l(h) = 2*h**2 + 4*h. Let v be l(-3). What is a(v)?
8
Let b(t) = -t**3 + 9*t**2 + 4*t - 7. Let s(d) = d**3 - 10*d**2 - 5*d + 8. Let o(g) = 5*b(g) + 4*s(g). What is o(4)?
13
Let x(k) = 2 - 1 + 5 + k. Suppose 3*o + 10 = -11. Let m = 4 + o. Calculate x(m).
3
Let y(i) = 8*i**3 + 6*i**2 - 1 + 2 - 4*i**3 - 3*i**3. Give y(-6).
1
Suppose 0 = 4*n + 2*a - 5*a - 12, 3*n - 5*a - 9 = 0. Let s(b) = -b**3 + 3*b**2 - 4*b + 4. What is s(n)?
-8
Let k(t) = t - 2. Let z = -10 + 16. Let a be k(z). Let b(n) be the first derivative of -n**4/4 + 4*n**3/3 + 1. Calculate b(a).
0
Let q(l) = 4*l + 6. Let p(i) = -i + 1. Let x(t) = -5*p(t) - q(t). Calculate x(6).
-5
Let q(i) = -72*i - 3*i**2 - 1 + 2*i**2 + 80*i. Determine q(7).
6
Let s(f) = -f**2 + 5*f - 6. Let h = -8 + 12. Let q be s(h). Let k(r) = 2*r - 3*r - 3*r + 7*r. Determine k(q).
-6
Let p(y) = y**2 + 4*y - 5. Let o(n) = n**2 + 5*n - 6. Let m(b) = 5*o(b) - 6*p(b). Calculate m(3).
-6
Let l(v) = -5 + 2*v + v + 1 + 0*v. Calculate l(3).
5
Let p(g) = -g**2 - 4*g + 6. Let s be (6/(-12))/((-1)/(-36)*3). Give p(s).
-6
Suppose 0*i = -5*i. Let p be (-4)/18 + (-94)/(-18). Let r(k) = -p*k - k + 5*k - 4. Calculate r(i).
-4
Let s be -6 + (1 + -2)*-1. Suppose -3*a - 4*i + 7*i + 24 = 0, -i = 4*a - 42. Let r(x) = 2 + a + 2*x - 4*x + 3*x. Calculate r(s).
7
Suppose -p + 3 = 9. Let u = p - -7. Let g(o) = 2*o. Determine g(u).
2
Suppose -2*h = -6*h - 20. Let v(s) = -3*s - 7. Give v(h).
8
Let a(l) = -l**3 + l**2 - l + 6. Let f be -1 + 2 + -2 - -1. Let y be 0/(f + -2 + 0). What is a(y)?
6
Let a(c) be the first derivative of c**3/3 + 3*c**2 + 2*c + 3. Determine a(-6).
2
Let h(x) = -5*x - 1. Let y be h(-1). Let n(o) = -o**3 + 4*o**2 + o - 4. Determine n(y).
0
Suppose 0 = -3*o - 15, 5*k = -5*o - 23 - 42. Let r(n) = n + 6. Calculate r(k).
-2
Let b = -1 - -1. Let m = -21 - -15. Let q(w) = -7*w - 2. Let k(d) = -13*d - 3. Let n(r) = m*k(r) + 11*q(r). Give n(b).
-4
Suppose 2*h = -2*h. Let x(w) = h*w**2 - w**2 + 6*w - 3*w + 6. What is x(5)?
-4
Let f(j) = j**3 - 13*j**2 - 15*j + 15. Let t = -102 + 116. Give f(t).
1
Let i(b) = 3*b + 11. Let g(w) = 23*w + 4. Let a(n) = -8*n - 1. Let c(f) = 17*a(f) + 6*g(f). Let s(r) = 8*c(r) - 5*i(r). Calculate s(6).
7
Let g(h) be the second derivative of -h**8/3360 - h**7/840 - h**6/240 - h**5/120 + h**4/12 + 2*h. Let t(q) be the third derivative of g(q). What is t(-2)?
9
Let k(c) = c**2 + 3*c - 3. Suppose l = w - 2, -3*l - l - 5 = -w. Suppose -4*j + 5*j - 2 = 0. Suppose -w = -j*g - 9. Give k(g).
1
Let w(a) = 2*a + 5. Let o(p) = 7 + 2 + p - 3 - 1. Let n(s) = 3*o(s) - 2*w(s). Let v = -11 - -16. What is n(v)?
0
Let o(v) = -v**2 + v + 8. Let w be o(0). Let d(m) = -m + 6. Determine d(w).
-2
Suppose 6*f - 2*f = -32. Let p = f - 0. Let g = p + 13. Let r(y) = y**2 - 3*y - 6. Determine r(g).
4
Suppose 4*j + c = -14 - 9, -2*j = -5*c + 39. Let l = -3 - j. Let b(s) = -l - 2*s + s**2 + s + 3. Determine b(-2).
5
Let l(v) = v**2 - 5*v. Suppose -14 = -2*m - 3*z + 18, 5*m + 2*z - 69 = 0. Let q = m - 7. What is l(q)?
6
Let f be 1 - (20/(-8))/(-5)*1. Let u(p) be the first derivative of -p - 2 + f*p**2. Determine u(1).
0
Suppose -27 = 3*o + q, -12 = 4*o + 4*q + 24. Let i(z) = -z**3 - 10*z**2 - 9*z - 7. Calculate i(o).
-7
Let s(y) = -y + 1. Let b be s(-5). Suppose 27 - 7 = 4*t. Let j(m) = 5 - t*m - b*m + 10*m. Determine j(6).
-1
Let v(u) = u**3 - 5*u**2 - 2*u + 3. Let o be v(5). Let f(x) = x**3 + 7*x**2 + x + 7. Let w be f(o). Let h(q) = w*q + 2*q - q**3 - 6*q - 5*q**2. Calculate h(-4).
0
Let c(r) be the second derivative of -r**3/6 + 3*r**2 + 28*r - 2. Calculate c(-5).
11
Let g(y) = -5*y**3 + y + 1. Suppose 0 = -2*w + 5*w - 9. Let b be 3/(0 + 12/(-16)). Let r be (b/6)/(2/w). Determine g(r).
5
Let j(y) = y**2 - 5*y**2 - y + y - 5*y + y**3 - 7. Calculate j(5).
-7
Let k(c) = c**2 + 10*c + 15. Let v be k(-9). Let q(u) = u**2 - 6*u. Calculate q(v).
0
Let h(s) = 11*s**2 + s - 1. Suppose 4 + 1 = 5*a. Give h(a).
11
Let f be 4/(-2)*(0 - 2). Let g(v) = -5*v**2 + 3 + v**2 + 3*v**2 + f*v. What is g(5)?
-2
Let m(q) be the first derivative of q**3/3 + 4*q**2 + 2*q - 35. Give m(-9).
11
Suppose 5*v = -2*t - 12, 3*v + 8 = -2*t - 0*t. Let n(f) = -f**2 - f - 1. Determine n(v).
-3
Let d be (5/(-4))/((-2)/(-8)). Let k(x) be the second derivative of -x + 3*x**2 + 1/6*x**3 + 0. Determine k(d).
1
Let n(t) = -t**3 + t**2 - t + 1. Let w be 2/(-4) + 2/4. Let v = -8 - -8. Suppose 5*a + v*a = w. Give n(a).
1
Let s(u) be the first derivative of 1 + 2*u**2 - 1/3*u**3 - 2*u. Calculate s(3).
1
Let j(r) = -r + 13. Let k be j(0). Let c = k + -11. Suppose u - 6 = -c. Let x(z) = z**3 - 3*z**2 - 6*z + 2. Determine x(u).
-6
Let r(p) = -4*p + 4. Let d(g) = 1. Let z(u) = 3*d(u) - r(u). Let k(i) = 7*i - 2. Let m be k(2). Let y = 13 - m. Calculate z(y).
3
Suppose d - 5*q = -28, -2*d + 5*q - 22 = -3*d. Let k(i) = i**2 + 3*i - 8. Let u(w) = w**2 + 4*w - 9. Let j(b) = -6*k(b) + 5*u(b). Determine j(d).
-12
Let w(v) = -4*v**3 - 2*v**2 - v. Let u be 45/(-55) + (-4)/22. Calculate w(u).
3
Let r(u) be the third derivative of 0*u + 1/60*u**5 + 5*u**2 + 0 - 1/24*u**4 + 7/3*u**3. What is r(0)?
14
Let m(k) = -k**3 - 3*k**2 + 3. Suppose -4*l + 38 = -10. Suppose 0*x = -4*x - l. Determine m(x).
3
Let r(t) = t + 9. Let n(o) = 1. Let h(y) = -4*n(y) + r(y). Give h(0).
5
Let w(b) = 6*b**3 + 2*b 